 tens digit of b?
4
Let f = -10866 + 22336. What is the units digit of f?
0
Let j be (2 - 0)/((-4)/(-10)). Suppose 4 = -10*z + 7*z + j*i, 2*z + i - 19 = 0. Suppose -267 + 43 = -z*o. What is the units digit of o?
2
Let q(f) = -f**2 - 1. Let u(h) = 3*h**3 + 3*h**2 + 6*h + 9. Let p(y) = 6*q(y) + u(y). Let c(b) = 2*b**2 - b + 2. Let o be c(1). What is the units digit of p(o)?
5
Let v(n) = 1194*n**2 + 9*n + 11. Suppose -4*f - 4*k - 16 = 0, 3*f - 3*k - 13 = 7*f. What is the tens digit of v(f)?
9
Suppose 0 = -14*p + 218 + 2022. Suppose 161*s - 188 = p*s. What is the units digit of s?
8
Let z be ((-1)/(4/(-147)))/(114/1216). Suppose 8*a - z = 608. What is the hundreds digit of a?
1
Let v(k) = k**3 + 11*k**2 - 14*k - 20. Suppose 33*c - 35*c - 24 = 0. Let r be v(c). Suppose 3*m + 39 = 3*s, r*s + 0*m + 2*m = 52. What is the tens digit of s?
1
What is the thousands digit of -454*((-190)/(-20) - 15)?
2
Suppose 4*o + 910 = -2*r, -2 = 3*o - 5. Let k = r + 841. Let t = k + -144. What is the hundreds digit of t?
2
Let m be 170*(-2)/(-3)*(-24)/(-10). Suppose -2*l - 4*z - 19 = -147, -3*z = 2*l - 125. Let y = m - l. What is the units digit of y?
4
Suppose -m - 39564 = -h, -39*h + 42*h - 5*m = 118702. What is the thousands digit of h?
9
Let c be 2/(-7) + (-5052)/(-42). Let j be (-3)/(5 + -2) + c/(-4). Let g = j - -52. What is the tens digit of g?
2
Let k = -11172 + 24733. What is the thousands digit of k?
3
Let p = -502 + 975. Suppose 61 + 173 = b + 2*z, -p = -2*b - 3*z. Suppose -12 = -4*n + b. What is the tens digit of n?
6
Suppose -2358 = 5*o + o. Let w = 123 - o. What is the units digit of w?
6
Suppose 3*o - 4*o = -5. Let t(v) = -3*v**3 + o*v**2 - 15*v**2 - 4 - 7 - 2*v. What is the units digit of t(-5)?
4
Let w be 35/(-25) - 4/(-10). What is the hundreds digit of 4 - -273 - (w - -1)/2?
2
What is the units digit of (17687/(-7)*2)/(229/(-1603))?
4
Suppose -818 = -5*d + 3*q, 0 = 2*d - 0*d - 5*q - 312. Let v = d - -93. What is the tens digit of v?
5
Suppose -34 = -5*c - 34. Suppose x = c, w + 9*x - 48 = 7*x. What is the tens digit of w?
4
Let f(x) be the third derivative of -37*x**6/60 + x**5/30 + x**4/12 + 2*x**2 + 12. What is the units digit of f(-1)?
4
Let m(a) = 5*a**2 + 128*a - 89. What is the thousands digit of m(39)?
2
Let d(a) = -3*a + 16. Let u be d(12). What is the tens digit of (-5)/u + 3/(24/5582)?
9
Suppose 3*i = m + 36, m + 4*i + 160 = -3*m. Let c = m - -71. Let t = c + -30. What is the units digit of t?
2
Let o(w) = -5*w**2 + 6*w - 40. Let s(z) = -2*z**2 + 2*z - 13. Let b(i) = 3*o(i) - 8*s(i). Let f be b(-10). Let q = f + 60. What is the units digit of q?
4
Let x be 18/24*(-24)/(-9). Suppose 35 = x*y + 19. Suppose -y*b + 5*b = -78. What is the units digit of b?
6
Let f(q) = 4*q - 6. Let m be f(2). Suppose -4*t = -2*s - 1104, m*t + 5*s = 6*t - 1092. What is the units digit of t?
8
What is the units digit of (1 - (-20)/(-8))/(49/(-228928))?
8
Let p(q) be the second derivative of -q**3 - 13*q**2/2 + 6*q. Suppose -3*v = -5*f - 43, -3*f + v - 45 = 4*v. What is the tens digit of p(f)?
5
Suppose 2*y + 4*y = -36. Let n(u) = -u**3 - 4*u**2 + 4*u - 11. Let f be n(y). Let q = f + 1. What is the units digit of q?
8
Suppose 0 = -36703*y + 36714*y - 121242. What is the units digit of y?
2
Let o(q) = -489*q - 492. What is the tens digit of o(-10)?
9
Let w = -874 - -1416. What is the tens digit of w?
4
Suppose -3*o = -5*r - 1399, 4*r - 18 = -o - 1127. Let m = r - -371. What is the units digit of m?
3
Suppose 0*d + 4*d + 4*z + 24 = 0, 2*d - 3*z = 3. Let s be (-7452)/(-378) + (4/(-14))/(-1). What is the hundreds digit of d/(15/s) - -116?
1
Let w(k) be the first derivative of 3*k**2/2 + 9*k - 5. Let n be w(12). Suppose -f = 5*z - n - 44, 5*z - 25 = 0. What is the units digit of f?
4
Let r = 2817 - -11977. What is the hundreds digit of r?
7
Suppose 53 = -8*p - 27. Let o be (-10)/(-1)*((-4 - p) + -5). Let n = o - 6. What is the units digit of n?
4
Let n(z) = 1652*z**2 - 366*z - 1486. What is the thousands digit of n(-4)?
6
Suppose -5*k + 538 + 1187 = 0. Suppose 0 = 37*x - 39*x - 412. Let u = k + x. What is the units digit of u?
9
Suppose -4*m + 4*f + 124820 = 0, -m + 6891 = f - 24314. What is the units digit of m?
5
Suppose -105*u - 198 = -127*u. Suppose -u*x = -13*x - 4*j + 4552, j - 4540 = -4*x. What is the thousands digit of x?
1
Let y(i) be the first derivative of -i**4/4 + i**3/3 + 282*i - 3. Let o be y(0). Suppose -17 = -2*r + 4*d + 127, 2*d = 4*r - o. What is the tens digit of r?
7
Let w be -1 - (-7)/((-14)/6). Let j be -6*(-3 + (-2 - w)). What is the tens digit of (-55)/33 + 394/j?
6
Suppose 4*v - 3*z = 7198, -4*v + z + 2763 = -4447. What is the hundreds digit of v?
8
Let w = -179 + 242. Let y(h) = 2*h + 2. Let c be y(2). Let r = c + w. What is the tens digit of r?
6
Let y(c) be the second derivative of -c**6/120 - c**5/15 + 19*c**4/12 - 6*c. Let q(d) be the third derivative of y(d). What is the tens digit of q(-22)?
2
Let a(g) = 3*g**2 - 7*g + 10. Let j be 14/(-91) + 54/13. Let w(k) = -2*k**3 + 7*k**2 + 4*k + 4. Let t be w(j). What is the tens digit of a(t)?
3
Let v be -8*2/(-4)*(4 - 26). Let g = v - -88. Let d = g - -20. What is the tens digit of d?
2
Suppose 119*x - 815791 = 64452. What is the hundreds digit of x?
3
What is the thousands digit of (-28322)/(-10) + 21/((-525)/5)?
2
What is the units digit of (12/18 + (-105)/90)*(-17019 - -1)?
9
Suppose 12984 = 4*s + 4*a, 0 = -4*s + 9*a - 5*a + 13000. What is the units digit of s?
8
Suppose 4*z - 492 - 612 = 0. Suppose z*f = 282*f - 756. What is the units digit of f?
6
Let s(g) = -g**3 + 22*g**2 - 17*g - 12. Let l be s(15). Suppose 6*k - l = 948. Let n = k + -173. What is the tens digit of n?
0
Suppose -3*c + 63 = -w, c = -4*w - 0 + 21. Let a be 2/((-6)/(-111))*1. Let z = a - c. What is the units digit of z?
6
Suppose -39*d + 101895 = -35658. What is the hundreds digit of d?
5
Let y(g) = 45*g**2 + 41*g + 393. What is the ten thousands digit of y(34)?
5
What is the hundreds digit of 282/(70/17 + 1 - 5)?
3
Let t(q) = -2*q**3. Let m be t(-1). Suppose -m*v - 476 = -9*v. What is the units digit of v?
8
Suppose 6677 = -3*f + 94745. What is the ten thousands digit of f?
2
Let z be (-8)/(-56) + (-1398)/(-14). Let l = 26 + z. What is the hundreds digit of l?
1
Let c(h) = -h**3 - 8*h**2 + 2*h - 1. Let i be c(-9). Let r be (-5 + (-187)/(-33))*183. Let s = i + r. What is the hundreds digit of s?
1
Let k(i) = -2*i + 6*i + 2*i + i + 38. Let q be k(-5). What is the units digit of q/15 + (-1062)/(-15)?
1
Let t(g) be the second derivative of 63*g**4 - g**3/6 - g**2/2 + 10*g. Let p be t(-1). Suppose -6*b + p = 3*b. What is the tens digit of b?
8
Suppose -2*n + 12 + 32 = 0. Suppose -76 = 5*m + s - 0*s, 5*m + 3*s = -68. Let r = m + n. What is the units digit of r?
6
Suppose 2054*m - 2047*m - 5369 = 0. What is the hundreds digit of m?
7
Suppose 0 = -i - 2*g - g + 9, 2*i - 4*g + 2 = 0. Let v be -1 + (4/(-8))/((-13)/26). Suppose -m + i = 0, t + v*m - 58 = 4*m. What is the tens digit of t?
7
Let a(t) = 289*t - 101*t - 11 + 98*t + 132*t - 41. What is the hundreds digit of a(2)?
7
Suppose -63 = -0*i - 3*i. Suppose 811 = 4*k - i. Let b = k - 108. What is the hundreds digit of b?
1
Suppose -3*k - 70 = -3*i - 22, 5*i - 3*k = 68. What is the units digit of i?
0
Suppose 97*c = 944*c - 48697418. What is the hundreds digit of c?
4
Suppose -2*l + 105 - 5316 = -5*x, -3*x + 3*l + 3132 = 0. What is the units digit of x?
1
Let i(x) = -60*x**3 + 6*x**2 + 2. Let j be (-12)/10 + 2 + (-70)/25. What is the units digit of i(j)?
6
Let y(i) = 49*i - 85. Let q be y(26). Suppose 0 = 5*o + 18*t - 15*t - 5945, 0 = -o - 3*t + q. What is the thousands digit of o?
1
Suppose -418432 = -5*c - 11*c - 0*c. What is the hundreds digit of c?
1
Let y = 57 - 52. Suppose y*z = 2*n - 28, -4*z = -z. What is the units digit of n?
4
Let o = 213 + -224. What is the hundreds digit of ((-90376)/20)/o + (-2)/(-10)?
4
Let y(u) = -9*u - 15. Let n be y(0). Let i be 5/n*-3*2. Suppose 7 = i*v + 5, d - v = 23. What is the tens digit of d?
2
What is the hundreds digit of 0 - 4 - (-46831 + 22)?
8
Let d = -40 - -38. Let c be ((-426)/(-15))/((-2)/(-20)*d). Let s = c + 235. What is the tens digit of s?
9
Let a = -92 + 95. Let s(p) = a + p**2 + 8*p**2 + 0 + 9 + 7*p. What is the hundreds di